16 and 56?
28
What is the greatest common factor of 130722175 and 13895?
1985
Calculate the greatest common factor of 65 and 2858557.
13
Calculate the highest common factor of 790 and 261322678.
158
What is the greatest common factor of 6816 and 22526112?
96
What is the highest common divisor of 2485242 and 57186?
162
Calculate the highest common factor of 152204791 and 518.
37
What is the highest common factor of 556951 and 5784?
241
Calculate the highest common factor of 1089 and 3086487.
9
What is the greatest common factor of 7213114 and 3104?
194
Calculate the greatest common factor of 543800 and 470.
10
Calculate the highest common divisor of 75 and 1043976225.
75
Calculate the greatest common divisor of 29295636 and 281928.
8292
What is the greatest common factor of 68 and 12368404?
4
Calculate the highest common divisor of 7 and 324246811.
7
What is the highest common factor of 702 and 137229820?
26
What is the highest common divisor of 60074 and 3477138?
98
Calculate the highest common factor of 414 and 1725414.
138
Calculate the highest common factor of 5773472 and 176.
16
Calculate the highest common factor of 79464805 and 455.
35
What is the highest common divisor of 2261437 and 267197?
779
Calculate the greatest common divisor of 12469171 and 1573.
1573
Calculate the highest common divisor of 708092 and 54264.
532
What is the greatest common factor of 4 and 11347844?
4
What is the highest common factor of 27475 and 183604435?
5495
Calculate the highest common divisor of 2653197 and 1420575.
4371
Calculate the highest common factor of 1750 and 143575250.
1750
What is the highest common factor of 81733 and 18537?
37
What is the highest common factor of 732 and 43732032?
12
Calculate the greatest common factor of 28202070 and 585.
195
What is the greatest common factor of 13291971 and 99?
33
Calculate the greatest common factor of 12700 and 19060160.
2540
What is the highest common divisor of 10 and 3047567?
1
Calculate the greatest common factor of 201 and 88013344.
67
What is the greatest common divisor of 118 and 384586249?
59
Calculate the highest common divisor of 53601 and 1754119.
1051
Calculate the highest common divisor of 322510064 and 64.
16
What is the highest common divisor of 362862 and 198?
18
What is the highest common divisor of 12036 and 325074?
102
What is the greatest common divisor of 14174 and 12379870?
746
Calculate the greatest common divisor of 83447 and 5693129.
1703
Calculate the highest common divisor of 501 and 3587661.
501
Calculate the greatest common factor of 185537 and 109989.
1111
Calculate the highest common divisor of 21698 and 2464925347.
10849
Calculate the greatest common factor of 82248326 and 1262.
1262
What is the highest common divisor of 1855 and 32330530?
265
What is the highest common factor of 3861 and 16678233?
1287
Calculate the greatest common factor of 27270754 and 784.
98
Calculate the greatest common factor of 116940714 and 11.
11
Calculate the greatest common divisor of 141093152 and 3968.
992
Calculate the highest common divisor of 3060772 and 1276.
44
Calculate the highest common divisor of 1808073345 and 65.
65
Calculate the greatest common factor of 50597725 and 105803.
3413
Calculate the greatest common divisor of 320 and 75340.
20
Calculate the highest common factor of 68042596 and 436.
436
Calculate the greatest common divisor of 101122 and 19647026.
3262
What is the highest common factor of 62768 and 3291397?
3923
Calculate the greatest common divisor of 199956 and 6612.
228
What is the greatest common divisor of 12566 and 1791326?
122
Calculate the highest common divisor of 20 and 52557595.
5
What is the highest common divisor of 72 and 569745054?
18
What is the highest common factor of 182 and 345454291?
91
What is the greatest common divisor of 193847283 and 7?
7
Calculate the greatest common factor of 2542962 and 1387897.
1819
What is the greatest common divisor of 308 and 16788288?
44
Calculate the highest common divisor of 21 and 78043266.
21
What is the greatest common divisor of 24 and 2717188?
4
Calculate the greatest common divisor of 621936544 and 82.
82
What is the highest common divisor of 16290 and 15260472?
3258
Calculate the greatest common divisor of 164472 and 39144.
168
Calculate the highest common divisor of 124104 and 15924.
12
Calculate the highest common divisor of 713 and 197052086.
23
What is the highest common divisor of 17047570 and 10?
10
What is the highest common factor of 13448556 and 396?
396
What is the highest common divisor of 11170125 and 306?
9
Calculate the highest common divisor of 68913 and 2193529.
403
Calculate the greatest common factor of 482176 and 424.
8
What is the greatest common divisor of 1457 and 5779919?
1457
Calculate the highest common divisor of 122335 and 158455.
215
What is the greatest common factor of 16264 and 55125544?
856
What is the greatest common divisor of 88074073 and 51736?
6467
What is the highest common divisor of 6295 and 427?
1
Calculate the highest common divisor of 1651 and 3502954.
13
What is the greatest common factor of 31855 and 1896465?
115
What is the greatest common divisor of 8798 and 1081822?
166
Calculate the highest common divisor of 18415489 and 60481.
1951
Calculate the greatest common factor of 2509388 and 31388.
1652
Calculate the highest common divisor of 11896679 and 72371.
5567
Calculate the highest common factor of 494109 and 5642.
217
Calculate the highest common divisor of 2302 and 32984207.
1151
What is the highest common divisor of 481868 and 32304?
2692
What is the highest common factor of 375375 and 22737?
429
What is the greatest common factor of 32382 and 3879498?
42
Calculate the greatest common divisor of 2665 and 41535.
65
What is the highest common divisor of 3874 and 53226674?
298
Calculate the greatest common factor of 278343 and 3252825.
1647
What is the greatest common factor of 703 and 2421613?
37
Calculate the greatest common divisor of 248864 and 238865.
1111
What is the highest common factor of 10391121 and 663?
39
Calculate the highest common factor of 1113842 and 21218.
206
Calculate the greatest common divisor of 26645364 and 144720.
2412
What is the greatest common factor of 97966779 and 2229?
2229
What is the highest common factor of 2428486 and 3437?
491
What is the highest common divisor of 648 and 2718234?
18
What is the highest common factor of 32830262 and 290?
58
Calculate the highest common factor of 20000756 and 51244.
2228
Calculate the greatest common factor of 123355 and 355.
5
Calculate the greatest common divisor of 518110 and 761602.
394
Calculate the greatest common divisor of 1285674 and 141102.
78
What is the greatest common factor of 1070592 and 1411?
17
What is the greatest common factor of 1398 and 22080?
6
Calculate the greatest common factor of 180 and 3209202.
18
What is the highest common divisor of 3500 and 22150500?
500
What is the highest common factor of 166334 and 15478?
218
Calculate the highest common factor of 7775 and 1133284.
311
What is the greatest common factor of 1431661 and 29876?
77
Calculate the greatest common divisor of 40505472 and 144.
144
What is the greatest common divisor of 7910 and 2635010?
70
What is the greatest common divisor of 6059460 and 44?
44
What is the highest common factor of 8873298 and 54?
18
What is the highest common factor of 271188 and 1017684?
2916
Calculate the highest common divisor of 486032 and 482332.
148
What is the greatest common factor of 10436960 and 492?
164
Calculate the highest common factor of 36397664 and 640.
32
Calculate the greatest common factor of 1626 and 8810481.
813
What is the highest common divisor of 488 and 13807960?
488
What is the greatest common divisor of 1594008 and 9956?
524
What is the highest common factor of 610 and 80975914?
122
What is the greatest common divisor of 4287604 and 52887?
289
What is the highest common divisor of 2724126 and 57?
3
What is the highest common divisor of 624953 and 161987?
511
Calculate the greatest common factor of 2115151 and 358137.
3061
What is the greatest common factor of 4157946 and 77922?
702
Calculate the greatest common factor of 978546151 and 76.
19
Calculate the highest common factor of 1545735 and 605.
5
Cal